{"id":350,"date":"2020-04-27T22:28:50","date_gmt":"2020-04-27T22:28:50","guid":{"rendered":"https:\/\/bodocv.pwdev.de\/index.php\/resume-e\/"},"modified":"2020-12-31T11:00:07","modified_gmt":"2020-12-31T11:00:07","slug":"resume-e","status":"publish","type":"page","link":"https:\/\/cv.bodo-antonic.de\/index.php\/resume-e\/?lang=de","title":{"rendered":"Resume (DE)"},"content":{"rendered":"<p><!-- Custom Text --><br \/>\n\t\t\t\t\t\t<!-- title --><br \/>\n\t\t\t\tLebenslauf (DE)<br \/>\n\t\t<!-- resume item --><br \/>\n\t\t\t\t\tINTERImMANAGEMENT PROJEKTE (Auswahl)<br \/>\n\t\t\t\t\t\t<img src=\"\" alt=\"\" \/><br \/>\n\t\t\t\t\t\t\t07\/2017 \u2013 03\/2019<br \/>\n\t\t\t\t\t\t\tSynlab Suisse SA ( Medizinische Routinediagnostik)<br \/>\n\t\t\t\t\t\t\t650 Mitarbeiter CH, &gt; 20.000 global |<br \/>\nCommercial Director CH, Board Member, Standort Luzern\t\t\t\t\t\t<\/p>\n<ul>\n<li>Report line: CEO<\/li>\n<li>Ergebnisse: Umsatz +5% EBITDA +1,2%, reorg Sales force abgeschlossen,<br \/>Set-up Vertragsmanagement abgeschlossen, Prozessoptimierung<\/li>\n<li>Verantwortung: 150 mCHF Schweiz, PnL, 40 Mitarbeiter<\/li>\n<li>Hauptaufgaben: Management and Restrukturierung Sales Force, Restrukturierung<br \/>Prozesse und Laborlandschaft, Restrukturierung LIS,<br \/>Turnaround, Einf\u00fchrung Compliance Management, Einf\u00fchrung KPI, Einf\u00fchrung<br \/>Sales Funnel Management; Projektmanagement Digitalisierung<br \/>der Services<\/li>\n<\/ul>\n<p>\t\t\t\t\t\t<img src=\"\" alt=\"\" \/><br \/>\n\t\t\t\t\t\t\t09\/2016 \u2013 05\/2017<br \/>\n\t\t\t\t\t\t\tMcKesson Europe AG, vorm. Celesio AG (Pharmaceutische Industrie)<br \/>\n\t\t\t\t\t\t\t35.000 Mitarbeiter Europe |<br \/>\nEuropean Head of Bx, Director\u00b4s Board Member, Standort Stuttgart\t\t\t\t\t\t<\/p>\n<ul>\n<li>Report line: Director of Procurement<\/li>\n<li>Ergebnisse: Umsatz +1.000%, EBITDA +1.000%, Reorg Bx abgeschlossen<\/li>\n<li>Verantwortung: 17 b\u20ac (Matrix), PnL, 5 Mitarbeiter<\/li>\n<li>Hauptaufgaben: Leitung und Restrukturierung Bx Division, Steigerung<br \/>von Umsatz und Rendite im Bereich neue Gesch\u00e4ftsfelder, F\u00fchren der<br \/>L\u00e4nder in dotted lines, Multi level stakeholder management, Digitalisierung<br \/>des Gesch\u00e4ftsmodells, Projektmanagement, Implementierung von<br \/>big data-Anwendungen<\/li>\n<\/ul>\n<p>\t\t\t\t\t\t<img src=\"\" alt=\"\" \/><br \/>\n\t\t\t\t\t\t\t05\/2016 \u2013 08\/2016<br \/>\n\t\t\t\t\t\t\tMerck Group (Pharmaceutische Industrie)<br \/>\n\t\t\t\t\t\t\t51.000 Mitarbeiter global |<br \/>\nGlobal Key Account Director Fertility, Standort Darmstadt\t\t\t\t\t\t<\/p>\n<ul>\n<li>Report line: Vice President Global Fertility<\/li>\n<li>Ergebnisse: Evaluation abgeschlossen, Reorganisation abgeschlossen<\/li>\n<li>Verantwortung: 350 m\u20ac global (Matrix), Umsatz<\/li>\n<li>Hauptaufgaben: Evaluation der globalen Kunden-, Pricing- und Reimbursementlandschaft,<br \/>Einf\u00fchrung KAM-System, Definition der Schnittstellen<br \/>zum Retail-Bereich, Verteilung der Rollen und Zust\u00e4ndigkeiten,<br \/>Redefinition eines KAM-orientierten CRM-System<\/li>\n<\/ul>\n<p>\t\t\t\t\t\t<img src=\"\" alt=\"\" \/><br \/>\n\t\t\t\t\t\t\t10\/2013-10\/2014<br \/>\n\t\t\t\t\t\t\tThermoFisher Scientific, Phadia Deutschland GmbH (Diagnostika)<br \/>\n\t\t\t\t\t\t\t5.000 Mitarbeiter Deutschland| Commercial Director, Board Member\t\t\t\t\t\t<\/p>\n<ul>\n<li>Report line: Managing Director DACH<\/li>\n<li>Ergebnisse: Umsatz +20%, EBITDA +3%, Reorganisation abgeschlossen,<br \/>Turnaround abgeschlossen<\/li>\n<li>Verantwortung: 50 m\u20ac D, PnL, 30 Mitarbeiter<\/li>\n<li>Hauptaufgaben: Sanierung einer Post M&amp;A Integration, Steigerung Umsatz<br \/>und EBITDA und Pricing, Prozessplanung- und Integration, Projektmanagement<br \/>Laboranbindung, LIS-Integration, Pr\u00fcfplanwesen, Restrukturierung<br \/>und Hybridisierung des Au\u00dfen- und Innendienstes, Abbau von<br \/>Silos, Implementierung CRM, Einf\u00fchrung von KPI-Systemen, intensive<br \/>Gespr\u00e4che mit dem Betriebsrat, Leitung der Technical Operations<\/li>\n<\/ul>\n<p>\t\t\t\t\t\t<img src=\"\" alt=\"\" \/><br \/>\n\t\t\t\t\t\t\t09\/2011 \u2013 05\/2012<br \/>\n\t\t\t\t\t\t\tVifor Pharma Espana (Pharmaceutische Industry)<br \/>\n\t\t\t\t\t\t\t2.500 Mitarbeiter global | Chief Restructuring Officer, Board Member\t\t\t\t\t\t<\/p>\n<ul>\n<li>Report line: Senior Vice President SEMEA<\/li>\n<li>Ergebnisse: Umsatz +3%, EBITDA +2%, Abschluss aller Streams<\/li>\n<li>Verantwortung: 80 m\u20ac (Matrix), PnL, 150 Mitarbeiter<\/li>\n<li>Hauptaufgaben: Post M&amp;A Integration, Stabilisierung Umsatz und<br \/>Marge, New Business Development, Multi-Projekt-Leitung, Multi level<br \/>stakeholder management, Sales Excellence, Lingual Excellence, Steering<br \/>Excellence, Process Excellence, Einf\u00fchrung KAM-System, Einf\u00fchrung<br \/>KPI-Systeme, Einf\u00fchrung CRM\/CRM Excellence, Kulturwandel<br \/>weg von paternalistischen hin zu Konzern-Strukturen, Reorganisation<br \/>Operations<\/li>\n<\/ul>\n","protected":false},"excerpt":{"rendered":"<p>Lebenslauf (DE) INTERImMANAGEMENT PROJEKTE (Auswahl) 07\/2017 \u2013 03\/2019 Synlab Suisse SA ( Medizinische Routinediagnostik) 650 Mitarbeiter CH, &gt; 20.000 global&#8230;<\/p>\n","protected":false},"author":1,"featured_media":0,"parent":0,"menu_order":0,"comment_status":"closed","ping_status":"closed","template":"template-elementor-builder.php","meta":[],"_links":{"self":[{"href":"https:\/\/cv.bodo-antonic.de\/index.php\/wp-json\/wp\/v2\/pages\/350"}],"collection":[{"href":"https:\/\/cv.bodo-antonic.de\/index.php\/wp-json\/wp\/v2\/pages"}],"about":[{"href":"https:\/\/cv.bodo-antonic.de\/index.php\/wp-json\/wp\/v2\/types\/page"}],"author":[{"embeddable":true,"href":"https:\/\/cv.bodo-antonic.de\/index.php\/wp-json\/wp\/v2\/users\/1"}],"replies":[{"embeddable":true,"href":"https:\/\/cv.bodo-antonic.de\/index.php\/wp-json\/wp\/v2\/comments?post=350"}],"version-history":[{"count":13,"href":"https:\/\/cv.bodo-antonic.de\/index.php\/wp-json\/wp\/v2\/pages\/350\/revisions"}],"predecessor-version":[{"id":410,"href":"https:\/\/cv.bodo-antonic.de\/index.php\/wp-json\/wp\/v2\/pages\/350\/revisions\/410"}],"wp:attachment":[{"href":"https:\/\/cv.bodo-antonic.de\/index.php\/wp-json\/wp\/v2\/media?parent=350"}],"curies":[{"name":"wp","href":"https:\/\/api.w.org\/{rel}","templated":true}]}}